 remainder when 639193 is divided by 35.
23
Calculate the remainder when 1454230 is divided by 145419.
40
Calculate the remainder when 157672 is divided by 8297.
29
Calculate the remainder when 116854 is divided by 2392.
2038
What is the remainder when 9952272 is divided by 4976127?
18
What is the remainder when 45197714 is divided by 102956?
30
What is the remainder when 23622363 is divided by 23622352?
11
What is the remainder when 16284273 is divided by 688?
1
What is the remainder when 1079692 is divided by 538653?
2386
Calculate the remainder when 94671 is divided by 3638.
83
Calculate the remainder when 336045 is divided by 1239.
276
What is the remainder when 1495022 is divided by 2538?
140
Calculate the remainder when 2405373 is divided by 43.
39
What is the remainder when 65006 is divided by 85?
66
What is the remainder when 396702 is divided by 132220?
42
What is the remainder when 799355 is divided by 4?
3
What is the remainder when 61790269 is divided by 1989?
1984
Calculate the remainder when 2564732 is divided by 1357.
2
Calculate the remainder when 3258789 is divided by 1612.
937
Calculate the remainder when 33908611 is divided by 94.
85
Calculate the remainder when 581696 is divided by 1543.
1528
Calculate the remainder when 232756 is divided by 226.
202
Calculate the remainder when 1545803 is divided by 2408.
2275
Calculate the remainder when 16284 is divided by 1435.
499
Calculate the remainder when 1630362882 is divided by 12642.
12636
Calculate the remainder when 275711 is divided by 91107.
2390
Calculate the remainder when 41722 is divided by 2576.
506
What is the remainder when 221869 is divided by 14775?
244
Calculate the remainder when 6700745 is divided by 2233483.
296
Calculate the remainder when 261357 is divided by 86588.
1593
What is the remainder when 5783778 is divided by 26?
0
Calculate the remainder when 266906 is divided by 3140.
6
What is the remainder when 20103 is divided by 19176?
927
What is the remainder when 739805 is divided by 238?
101
Calculate the remainder when 128684 is divided by 32124.
188
What is the remainder when 8979036 is divided by 515?
11
Calculate the remainder when 422768 is divided by 371.
199
What is the remainder when 5541283 is divided by 3192?
3163
Calculate the remainder when 13868064 is divided by 7541.
165
Calculate the remainder when 255857 is divided by 540.
437
What is the remainder when 20486 is divided by 6747?
245
What is the remainder when 9014310 is divided by 123?
9
Calculate the remainder when 8273510 is divided by 9142.
0
Calculate the remainder when 156075 is divided by 22290.
45
Calculate the remainder when 39991 is divided by 13046.
853
Calculate the remainder when 203990 is divided by 25487.
94
What is the remainder when 825158 is divided by 8385?
3428
What is the remainder when 105418719 is divided by 5384?
5383
Calculate the remainder when 2638 is divided by 264.
262
What is the remainder when 387090981 is divided by 98?
95
Calculate the remainder when 5908713146 is divided by 73.
71
What is the remainder when 984089794 is divided by 3757?
3756
Calculate the remainder when 51829 is divided by 48958.
2871
What is the remainder when 150695 is divided by 8329?
773
Calculate the remainder when 5305 is divided by 1391.
1132
Calculate the remainder when 2394 is divided by 385.
84
Calculate the remainder when 127377788 is divided by 2165.
13
Calculate the remainder when 71988 is divided by 30435.
11118
Calculate the remainder when 6530752 is divided by 1960.
32
What is the remainder when 3471661 is divided by 1735830?
1
What is the remainder when 1834595 is divided by 22373?
9
Calculate the remainder when 4101280 is divided by 1025318.
8
Calculate the remainder when 14273379 is divided by 495.
54
What is the remainder when 34107609 is divided by 173135?
14
What is the remainder when 3729724 is divided by 932418?
52
Calculate the remainder when 97132 is divided by 29803.
7723
What is the remainder when 110318 is divided by 994?
978
What is the remainder when 7425935 is divided by 7425930?
5
What is the remainder when 32031 is divided by 31492?
539
Calculate the remainder when 4165307 is divided by 3729.
14
What is the remainder when 1627406 is divided by 1249?
1208
Calculate the remainder when 2776534 is divided by 231375.
34
What is the remainder when 10573013 is divided by 26301?
11
Calculate the remainder when 887041 is divided by 154.
1
What is the remainder when 761488 is divided by 380736?
16
Calculate the remainder when 10180651 is divided by 77.
19
Calculate the remainder when 380536 is divided by 76060.
236
What is the remainder when 75322111 is divided by 3938?
3923
Calculate the remainder when 236089395 is divided by 13.
9
What is the remainder when 106591 is divided by 2175?
16
Calculate the remainder when 5955430 is divided by 67.
1
Calculate the remainder when 850145 is divided by 68.
9
What is the remainder when 610452861 is divided by 1952?
1949
Calculate the remainder when 822517 is divided by 6049.
5902
What is the remainder when 272198 is divided by 2213?
2212
What is the remainder when 223978347 is divided by 75?
72
What is the remainder when 19629395 is divided by 350?
345
What is the remainder when 16524632 is divided by 1691?
180
What is the remainder when 428408 is divided by 43?
42
Calculate the remainder when 446177 is divided by 222970.
237
What is the remainder when 824125 is divided by 7629?
193
What is the remainder when 871490 is divided by 25?
15
Calculate the remainder when 132287389 is divided by 6413.
25
Calculate the remainder when 40726 is divided by 20288.
150
Calculate the remainder when 1112538 is divided by 185300.
738
What is the remainder when 2298102 is divided by 268?
2
Calculate the remainder when 24960 is divided by 6055.
740
What is the remainder when 416536 is divided by 1537?
9
Calculate the remainder when 7561739 is divided by 3821.
3801
Calculate the remainder when 13262731 is divided by 44.
31
What is the remainder when 2981005 is divided by 844?
841
What is the remainder when 50793702 is divided by 26115?
27
Calculate the remainder when 1728239 is divided by 64008.
23
What is the remainder when 364927388 is divided by 118?
116
What is the remainder when 47076275 is divided by 9415253?
10
Calculate the remainder when 1237847 is divided by 11901.
143
Calculate the remainder when 2515010 is divided by 180.
50
Calculate the remainder when 4725 is divided by 3749.
976
Calculate the remainder when 6195618 is divided by 14.
2
What is the remainder when 31399519 is divided by 1808?
1791
What is the remainder when 25351650 is divided by 2112632?
66
What is the remainder when 18662 is divided by 18?
14
Calculate the remainder when 102752 is divided by 23533.
8620
Calculate the remainder when 419209 is divided by 209244.
721
What is the remainder when 16897458 is divided by 49845?
3
What is the remainder when 3348198 is divided by 5462?
5454
What is the remainder when 128749665 is divided by 1266?
1263
Calculate the remainder when 27094584 is divided by 27094568.
16
What is the remainder when 20799565 is divided by 16?
13
What is the remainder when 2585138 is divided by 14440?
378
What is the remainder when 274269 is divided by 274139?
130
What is the remainder when 14843385 is divided by 243334?
11
What is the remainder when 10627993 is divided by 128?
25
Calculate the remainder when 4102971 is divided by 820594.
1
What is the remainder when 2320548 is divided by 23205?
48
Calculate the remainder when 1383674 is divided by 475.
474
What is the remainder when 472113 is divided by 235913?
287
Calculate the remainder when 236970481 is divided by 33.
22
Calculate the remainder when 301139 is divided by 146691.
7757
What is the remainder when 611247 is divided by 85?
12
What is the remainder when 2771856 is divided by 160?
16
What is the remainder when 422028 is divided by 71?
4
What is the remainder when 317851 is divided by 505?
206
Calculate the remainder when 4437514 is divided by 70.
4
Calculate the remainder when 3856655 is divided by 350605.
0
Calculate the remainder when 4811063 is divided by 73.
71
Calculate the remainder when 982712 is divided by 491305.
102
Calculate the remainder when 4229532 is divided by 888.
876